 u, 9 = -c - 4*u - 7. Let t be q(c). Calculate the greatest common divisor of t and 4.
4
Let q(r) = -28*r + 76. Let v be q(-2). Calculate the greatest common factor of v and 11.
11
Let b = 997 + -549. Calculate the greatest common factor of b and 14.
14
Suppose y - 1 = -2*d, 7*d + y = 2*d + 7. Let p(c) = c**3 + 21*c**2 + 37*c + 3. Let s be p(-19). What is the greatest common factor of s and d?
2
Let v(u) = -9*u**2 + u. Let o be v(-1). Suppose h + 6 + 0 = -t, 0 = -3*h + 3*t. Let x be (5/o)/(h/1080). Calculate the greatest common factor of 18 and x.
18
Suppose -26*c + 20*c = -144. Calculate the highest common divisor of c and 1512.
24
Let f = 234 + -220. Calculate the highest common divisor of 49 and f.
7
Let i = -39 - -57. Let g = -797 + 815. What is the greatest common divisor of g and i?
18
Let d = 187 + -168. What is the greatest common divisor of 95 and d?
19
Let y(c) = -c**3 - 49*c**2 + 50*c + 36. Let a be y(-50). What is the greatest common divisor of 612 and a?
36
Let h = 29 - 2. Let q = h - -36. Suppose -5*c = 14 - 49. Calculate the highest common divisor of c and q.
7
Let f be 4/22 + (-360)/(-198). Let s(b) = 7*b**f + b**3 - 8 + 0*b**3 + 1 - 10*b. Let o be s(-8). What is the highest common divisor of o and 1?
1
Suppose -39*y + 960 = -34*y. Calculate the greatest common divisor of 24 and y.
24
Suppose -2*z + z = -3. Let r(w) = 27*w. Suppose 10*l - 4 = 6*l. Let v be r(l). What is the highest common factor of v and z?
3
Suppose 0 = 20*a - 79 - 2021. What is the greatest common factor of a and 1365?
105
Suppose 5*k - 4*d = -0*d + 8, -43 = -7*k - 5*d. Calculate the highest common factor of 148 and k.
4
Let a = 214 + -154. What is the greatest common divisor of a and 150?
30
Let o = -83 + 144. Suppose y + b = 4*b + o, y = -4*b + 47. Calculate the greatest common divisor of 11 and y.
11
Let w be ((-5)/4)/((-1)/8). Suppose 40*i = 43*i - 60. Calculate the greatest common factor of i and w.
10
Suppose -i - 330 = -4*i. Let l = -445 - -467. What is the highest common divisor of l and i?
22
Let t(u) = -11*u - 2. Let z(n) = 2*n**2 + 5*n + 2. Let l be z(-3). Suppose 2*f = l*f + 6. Let s be t(f). Calculate the greatest common factor of 4 and s.
4
Suppose 791 + 421 = 3*l. Let x be (-8)/36 - l/(-36). Calculate the highest common divisor of x and 22.
11
Suppose 0*x - 3*v - 84 = 4*x, -x - 5*v = 38. Let l be 21 + (x/3)/(10/5). Calculate the greatest common factor of 2 and l.
2
Suppose 3339 = 23*n - 14*n. Calculate the greatest common factor of 7 and n.
7
Let s = -55 + 80. Let c = -516 + 766. What is the highest common factor of c and s?
25
Suppose 0 = 3*c - 86 + 26. Let m = 116 + -76. Suppose -m*k + 500 = -30*k. What is the greatest common factor of k and c?
10
Let c = 35 + -51. Let l = -38 - c. Let p = 44 + l. What is the highest common factor of 176 and p?
22
Suppose 0 = t + 3*z - 54 - 18, -2*z = -t + 92. Suppose 2*v - t = -0*v. Let q be (-20)/(-3) + (-10)/15. Calculate the greatest common divisor of v and q.
6
Let t(g) be the first derivative of g**3/3 - g**2/2 + 10*g + 9. Let v be t(7). Calculate the greatest common factor of 26 and v.
26
Let w(a) be the third derivative of -a**6/120 - a**5/60 - a**4/24 + 15*a**3 + 30*a**2. Let n be w(0). Calculate the greatest common factor of 36 and n.
18
Let b = 228 - 145. Let i = -59 + b. Calculate the greatest common divisor of i and 12.
12
Suppose 35*w = 46*w - 220. Calculate the greatest common divisor of 505 and w.
5
Let d be (-3 - 1)/(-1 - 1). Suppose -7 + d = -5*v. Let q(u) = 15*u**2 + 3*u - 2. Let x be q(v). What is the greatest common factor of x and 112?
16
Let u = 71 + -70. Let f be -3 - ((-96)/4 - u/1). What is the highest common factor of 110 and f?
22
Let a = 49 + 35. Let j = 56 - a. Let h = 42 + j. What is the greatest common divisor of h and 112?
14
Suppose 2*p = -4*d + 1386, 25*d - 29*d + p = -1377. What is the highest common factor of 69 and d?
69
Suppose 0 = -n - 4*r + 17, -r = -5 + 1. Let u be (2 + n)*1568/24. Calculate the greatest common divisor of u and 28.
28
Let o be (-2 - -2) + 2825 - (3 - 10). Calculate the highest common factor of 48 and o.
48
Let v(a) = -a**3 + 21*a**2 - 105*a + 12. Let d be v(10). What is the highest common divisor of 2356 and d?
62
Suppose -u + 440 = 5*r + 2*u, 4*r = -3*u + 355. Suppose r = 2*l - 107. Calculate the greatest common divisor of 12 and l.
12
Suppose -3*h - x = -10, 5*h + 4*x - 2*x - 17 = 0. Suppose h*b - 36 = -b. What is the greatest common divisor of b and 9?
9
Let s = -221 + 257. What is the greatest common divisor of s and 72?
36
Let q = 122 + -42. What is the greatest common divisor of q and 20?
20
Let j = -28 - -105. Let k = -88 + 92. Let x be (-13 - -2)*(-5)/(k - -1). Calculate the highest common factor of x and j.
11
Let b = 135 + -130. Suppose -4*d = -b*t - 1 + 29, t - 2*d - 2 = 0. What is the highest common factor of t and 3?
1
Let k(q) = -q**2 - 4*q - 2. Let i be k(-4). Let r be 1*i + 54*(-5)/(-10). Calculate the greatest common factor of r and 75.
25
Let j(h) = h**3 - 19*h**2 + 34*h + 15. Let z be j(17). Suppose -3*y + 2*f + f = -30, -4*y - f + 65 = 0. What is the greatest common divisor of z and y?
15
Let y(k) = 2*k**2 - 12*k + 19. Let f be y(6). Suppose 4*b - 20 = -4*l + b, -b = 3*l - 10. Let g be 1 - l*(-37)/2. What is the highest common factor of g and f?
19
Let k be ((-3 - -7) + 3 + 0)*3. Calculate the highest common divisor of 21 and k.
21
Let q(a) = -5*a**2 - a**3 - 16 - 12*a + a + 3*a. Let m be q(-6). What is the greatest common factor of 17 and m?
17
Let x = -29 - -61. Let w(a) = 11*a**2 + 4. Let f be w(0). What is the greatest common factor of x and f?
4
Suppose -3*j + 839 = 5*a, 4*j + 556 = 6*j + 4*a. What is the highest common factor of j and 36?
36
Let a = -1016 + 1021. What is the greatest common factor of 635 and a?
5
Let x(b) = 3*b**2 - 7*b + 4. Let v be x(5). Let n be 24/(-9)*((-21)/6 + 2). Calculate the highest common factor of n and v.
4
Suppose q - 2011 = -4*r, 52*r + 5993 = 3*q + 54*r. Calculate the highest common factor of q and 21.
21
Suppose g = -0*g + 44. Suppose d - 2*b = 5 + 11, -3*b - 3 = 2*d. Let p = d + -2. What is the highest common factor of g and p?
4
Suppose -m + 3*f + 111 = 0, 2*m - 10*f + 7*f - 228 = 0. What is the highest common factor of m and 39?
39
Let j(n) = 3 + 4*n - 1 + 1 - 8*n. Let a be j(-5). Let v = -1203 - -1249. What is the greatest common factor of a and v?
23
Let i(w) = -3*w**2 + 19*w - 7. Let z be i(6). Let a be (-28)/(-7)*z/(-1). What is the greatest common divisor of 36 and a?
4
Let y be (-248)/10*30/(-12). Suppose -4*t - 2 = 4*c - y, 4*t + 3*c = 56. Let z = 56 - -65. What is the highest common factor of t and z?
11
Let v be 6 - (5 + 2 + -3). Suppose 6*q - v*q = 116. Calculate the highest common divisor of 87 and q.
29
Let v be 0/(-2)*(-5)/10. Suppose 3*q + 5*y - 99 = v, 5*q - 165 = -3*y + y. What is the greatest common divisor of q and 231?
33
Suppose 11*b = 6851 - 6664. What is the highest common divisor of b and 3553?
17
Let o = 283 - 131. Let v = -72 + o. Suppose 4*h - 42 = -2. What is the greatest common divisor of h and v?
10
Let c(y) = y**3 + 51*y**2 + 2*y + 115. Let u be c(-51). Calculate the greatest common factor of u and 143.
13
Let k = -37 + 45. Suppose 9*r - 143 = -k. What is the highest common divisor of 10 and r?
5
Let o(h) = -h**3 - 2*h**3 + 3*h**3 - 1 - 11*h**2 + h**3. Let q be o(11). Let m be (-5)/q + (7 - 3). Calculate the greatest common factor of 63 and m.
9
Suppose -5*c + t - 222 = 0, 3*t + 14 = -2*c - 85. Let j = c - -90. Calculate the highest common divisor of j and 9.
9
Let l = 1070 + 988. Let s be (l/56)/(6/16). Calculate the highest common divisor of 14 and s.
14
Let k be 7 - 4/((-16)/20). Suppose 4*m - 87 = p + 67, -118 = -3*m + 2*p. Suppose 0 = -2*t + m + 226. What is the greatest common factor of k and t?
12
Let k be (2*-1)/(-1)*2. Suppose d - 51 = 3*t, -5*d - k*t = -146 - 90. Let f be (30/(-18) + 7)*(-3)/(-1). What is the highest common divisor of f and d?
16
Suppose 0 = 4*g - 205 - 19. Suppose -4*d + 19 = -33. Let y(w) = -w**2 + 18*w - 57. Let i be y(d). What is the highest common factor of g and i?
8
Let c be (-2)/3 - 275/(-3). Let z be 23 + (-53)/371 + 44/14. Calculate the greatest common divisor of c and z.
13
Let c = 1357 - 746. What is the highest comm